9 = 20*v + 26*v + 319. Calculate w(v).
3
Let b(t) = -t**3 + 7*t**2 + 9*t - 3. Let y(k) = -k - 12. Let r be y(-8). Let c be (4 - 1)/(2/r). Let v be 140/16 - c/(-8). Determine b(v).
5
Let l(w) = 7*w**2 - 578*w**3 + 294*w**3 + 283*w**3 + 12*w - 3. Calculate l(8).
29
Let o = 14156 - 14138. Let h(b) = -b**3 + 17*b**2 + 20*b - 41. Calculate h(o).
-5
Let r = -29 + 379. Suppose -5*s - 20 = -r. Let z(b) = -2*b - 4*b**2 + 65*b**3 - 3 + 0 - s*b**3. Give z(-4).
5
Suppose 3*n - 27 = -4*m + 4*n, 4*n = -4*m + 52. Let h(i) = m*i**2 - 2 - 4*i - i**2 - 8*i**2. Let c = -2 - 2. Calculate h(c).
-2
Suppose -537 = -22*s - 669. Let l(j) = j**3 + 2*j**2 - 5*j + 9. Determine l(s).
-105
Suppose 4*q = -3*q - 7. Let h(s) be the first derivative of -13*s**4/2 + s - 517. Calculate h(q).
27
Let r(g) = 3*g**3 + 35*g**2 + 19*g - 21. Let p(f) = 2*f**3 + 24*f**2 + 13*f - 14. Let o(a) = -7*p(a) + 5*r(a). Determine o(-6).
5
Let h(g) = -2*g**3 + 5*g**2 + 7*g + 3. Let o(d) = 3*d**3 - 8*d**2 - 11*d - 5. Let i(z) = -7*h(z) - 5*o(z). Let s = 84976 + -84970. Give i(s).
4
Let f(k) = -k**2 + 5*k + 1. Let z(q) = 0*q + 4*q - 3*q. Let n(t) = f(t) - 3*z(t). Let w(j) = -13*j**2 + 22*j + 10. Let r be w(2). Calculate n(r).
1
Let m be (-16 - -7)*-9*7/(-189). Let a(f) = f**3 + 2*f**2 - f + 6. Determine a(m).
0
Let r(y) be the first derivative of y**5/2 - y**3/6 - 50*y - 59. Let h(m) be the first derivative of r(m). Give h(-1).
-9
Let p(c) = 4*c**2 - 2*c - 4. Suppose 0 = -16*v + 17*v - 3. Suppose -v = -l + 4*z, 5*l + 29 - 82 = z. Let h be (l + -5)*2/4. Calculate p(h).
26
Let r(l) = 21*l**3 + 26*l**3 + l - l**2 - 48*l**3. Suppose 0 = 5*u + 11 - 31. Suppose -u*k - 3*x = 14, 8*x = -k + 5*x - 8. What is r(k)?
2
Let u(c) = 51 + 74*c - 141*c + 76*c. Give u(-7).
-12
Let b = 8253 + -8285. Let m(s) = -s**3 - 31*s**2 + 30*s - 67. What is m(b)?
-3
Let b(x) = -39*x - 23. Let h(o) = -32*o - 24. Let n(s) = -5*b(s) + 6*h(s). Give n(1).
-26
Let t(j) = -28*j**2 + 21*j + 2. Let k(b) = -41*b**2 + 29*b + 3. Let a(v) = -5*k(v) + 7*t(v). Give a(-2).
31
Let n(f) = f**3 + 15*f**2 + 13*f - 28. Let s be (42/(-12) + 1)*(-112)/(-20). Calculate n(s).
-14
Let x(s) = 2*s - 7 + 3 - 2 + 5. Suppose 0 = -26*f - 611 + 481. Calculate x(f).
-11
Suppose c + 4*m = 9, 4*c = -m - 3*m + 24. Suppose -c*u - 210 = -5*h, 10*u - 180 = -5*h + 5*u. Let g(i) = -h*i - 46*i + 83*i. What is g(-1)?
2
Suppose -1672 = -15*c - 73*c. Let s(h) = h - 23. Calculate s(c).
-4
Let t = 14172 + -14168. Let o(l) be the second derivative of -7*l - 1/2*l**2 + 1/12*l**t + 0 - 5/3*l**3. Give o(8).
-17
Let y(u) = -24*u - 238. Let f be y(-29). Let g = f + -455. Let k(q) = -q + 4. Give k(g).
1
Let j(r) = 9*r**3 - 10*r**2 + r - 4. Let b(a) = 26*a**3 - 29*a**2 + 3*a - 11. Let w(u) = -6*b(u) + 17*j(u). Suppose -2*v - 18*v = -40. Calculate w(v).
-12
Let h(g) = 2*g**2 - 86*g + 821. Let p be h(30). Let r(m) = -3*m + 125. Give r(p).
2
Let y(f) = 2*f**2 + 56*f - 76. Let g be y(-32). Suppose -3*n + 18*n + g = 0. Let b(a) = -a**2 - 12*a + 11. What is b(n)?
11
Suppose 0 = -4*g + 250 + 286. Let v = 127 - g. Let i(r) = -4*r - 20. Let w(n) = n + 1. Let f(s) = i(s) + 3*w(s). What is f(v)?
-10
Let w(a) = -80*a - 11. Let c(o) = -127*o - 23. Let z(r) = 43*r + 8. Let h(m) = -3*c(m) - 8*z(m). Let s(x) = 13*h(x) + 6*w(x). Determine s(7).
6
Let m(c) = -301 + 322 + 5*c + 11*c. Let t(i) = 3*i + 4. Let o(q) = -2*m(q) + 11*t(q). Calculate o(9).
11
Let u(z) = 2*z**2 + 5 - 9 - 5*z**2 + 2*z**2 - 5*z. Let v(q) = -3*q**2 + 18*q - 10. Let m(t) = t**2 - t. Let c(o) = 5*m(o) + v(o). Let l be c(-7). Give u(l).
2
Let a(l) = l**3 - 3*l**2 + 2*l + 1. Suppose -4*b - 2*x = 3*x - 91, 20 = b + 4*x. Suppose b*g - 66 = 2*g. Give a(g).
7
Suppose 7*y + y - 88 = 0. Suppose -37 = -8*s + y. Let m(o) = -o**2 - o. Let q(r) = -r**3 + 13*r**2 + 5. Let g(t) = 6*m(t) + q(t). Give g(s).
5
Let n(i) = 7*i - 55. Let x(b) = b**3 + 24*b**2 + 69*b + 131. Let o be x(-21). Give n(o).
-20
Let g(f) = -f - 11. Let w(i) = -i - 10. Let n(y) = -5*g(y) + 6*w(y). Suppose -5*m - 40 = 5*k, k - 79*m + 81*m + 12 = 0. Give n(k).
-1
Let b(k) = -3*k**2 + 2*k + 23. Let v(n) be the third derivative of -n**5/60 + n**4/24 + 4*n**3/3 - 2*n**2 - 21. Let g(h) = -6*b(h) + 17*v(h). Calculate g(-8).
22
Suppose 0 = 69*n + 28 + 110. Let v(o) = 4*o**3 + 2*o**2 - o - 1. Let q(h) = 5*h**3 + 2*h**2 - 2*h - 2. Let u(j) = -3*q(j) + 4*v(j). Determine u(n).
-2
Suppose -10*a + 11*a = 5*y + 17, 4*y = 3*a - 29. Let z(g) = 3*g**2 - 21*g - 3. Give z(a).
-3
Let a(i) = -i**3 - 7*i**2 + 8*i - 4. Let d be (-7 - -3)/((-2)/(-4)). Give a(d).
-4
Let d(f) = 5*f**3 + f**2 - 2*f + 1. Let g(y) be the second derivative of y**4/12 - 7*y**3/6 + 11*y**2/2 + 2*y + 10. Let m be g(5). What is d(m)?
5
Let f(d) = -82*d - 81*d + 361 - 88*d - 107*d + 343*d. Calculate f(25).
-14
Let r(f) = -f**2 - 21*f + 59. Suppose t + h + 21 = 0, -t = 3*h - 53 + 68. Calculate r(t).
-13
Let y(c) = c**3 + 5*c**2 + 7*c + 6. Suppose -8*o + 15 = -17. Suppose -o*k - 13 = 3*t, 2*k + k + 16 = 4*t. Calculate y(k).
-6
Suppose -40 = 32*n - 37*n. Let i(f) = -4*f + 18. Determine i(n).
-14
Let p(t) = -3*t**3 + 72*t**2 + 78*t - 561. Let x(j) = -j**3 + 24*j**2 + 27*j - 188. Let u(k) = 2*p(k) - 7*x(k). Determine u(25).
-6
Let z(j) = -8*j + 348. Let r(t) = 11*t - 460. Let w(p) = 3*r(p) + 4*z(p). Suppose 0 = -2*x - 11 - 1. What is w(x)?
6
Let l(q) = -q**2 + q + 8. Let t = -3142 + 3138. Give l(t).
-12
Let n(u) = -1 + u - 8498*u**3 + 16995*u**3 - 8508*u**3. What is n(2)?
-87
Let y be (-1082)/5 + -2 - (-6)/15. Let r = 213 + y. Let h(a) = a**3 + 6*a**2 + 7*a. Give h(r).
-10
Let y(u) = 8 - u**2 - 19 - 9*u + 10. Suppose -55 = -z - 3*v - 10, -3*z - 2*v + 142 = 0. Suppose -6*n - z = 2*n. Calculate y(n).
17
Let o be (-6)/45*-3 - 1524/(-15). Suppose -o*m = -97*m + 25. Let g(r) = r**2 + 7*r + 1. What is g(m)?
-9
Let t(k) = k**2 - 3*k - 3. Let z be (-248)/6 + 1 + (-4)/(-3). Let i = 43 + z. Give t(i).
1
Let p(k) be the first derivative of -k**4/4 - 8*k**3/3 - k**2/2 - 8*k - 3. Let g = 73 + -63. Suppose -40 = 15*z - g*z. Give p(z).
0
Let h(l) = 5*l - 6. Suppose -504*b + 853 = -43 - 616. Determine h(b).
9
Let p(r) = 2*r + 20. Let l = -5631 + 5641. What is p(l)?
40
Let s(a) = 5*a - 12 + 10*a - 11*a. Determine s(3).
0
Let b = -189 + 177. Let x be (-6)/b*(7 - 9). Let v(t) be the first derivative of 6*t**2 + t + 1. Calculate v(x).
-11
Let l be (21/(-28))/(2/(-24)). Let k(p) = 13*p - 33. Let g(j) = -24*j + 63. Let o(w) = 6*g(w) + 11*k(w). Give o(l).
6
Let d(p) = p**2 + 3*p - 13. Let g be d(-8). Suppose 33*s = g*s + 270. Suppose -s = -14*b - 115. Let j(r) = 3*r + 7. Calculate j(b).
-8
Let y(o) = -63*o**2 - 1573*o + 50. Let c be y(-25). Let b(h) = 3*h + 97. What is b(c)?
97
Suppose 16*p = -10*p + 61 - 35. Suppose 4 = -4*m + 12. Let x(d) = -102*d - d**2 + 101*d + 0*d**m - p. Give x(4).
-21
Let o(w) be the first derivative of 20896*w - 20870*w - 2*w**2 - 21 - 7. Determine o(9).
-10
Let u(x) be the first derivative of 2*x**2 - x**3 + 1/4*x**4 - 3*x + 341. Determine u(3).
9
Let h(k) = -3*k + 1. Suppose 284*d - 42 = 290*d. What is h(d)?
22
Let n(l) = 3*l + 6. Let j(f) = 3*f**2 - 219*f - 920. Let t be j(-4). Give n(t).
18
Let c(p) = -14*p**3 - 18*p**2 - 3*p - 2. Let o(w) = -3*w**3 - w. Let x(s) = c(s) - 5*o(s). Give x(18).
34
Let j = 1908 + -1917. Let p(u) = -u**3 - 9*u**2 + u - 3. Let g = -2 + -1. Let f(s) = -s**3 - 9*s**2 + 2*s - 3. Let z(h) = g*p(h) + 2*f(h). Calculate z(j).
-6
Let c(q) be the second derivative of 5*q**4/12 - q**2/2 + 20*q. Suppose -o - o = 2. Give c(o).
4
Let r(a) = 25 - 18*a**2 + 314*a + a**3 - 206*a - 110*a + 10. What is r(18)?
-1
Let m = -4155 + 4161. Let u(k) = -k**3 + 3*k**2 + 17*k + 7. Give u(m).
1
Let a(j) = -16*j**2 + 16*j + 61. Let t(x) = -19*x**2 + 17*x + 62. Let v(c) = 6*a(c) - 5*t(c). Give v(12).
44
Let n(j) = -21*j. Suppose -5*o + 4*k = 6, -6*k + 24 = 2*o - k. Suppose 2*t - o = 6. Suppose 0*x + 4 = t*x. What is n(x)?
-21
Let s(h) = h**2 - 9*h - 532. Let a be 3*4/(-120) - (-21918)/780. What is s(a)?
0
Let p(b) = 2*b**2 + 3*b - 12. Let o = 16996 - 17000. Give p(o).
8
Let j = -122828/3 + 40943. Let s(r) be the first derivative of 22 - 3*r + j*r**3 + 2*r**2. What is s(-5)?
2
Suppose -g + 6*g = 20. Suppose -x = -g + 12. Let q(k) = -8*k**2 + 8*k - 24. Let h(y) = -29*y**2 + 32*y - 88. Let b(w) = -3*h(w) + 11*q(w). Determine b(